{"id":259,"date":"2022-08-28T19:48:10","date_gmt":"2022-08-28T17:48:10","guid":{"rendered":"https:\/\/animalex.fr\/?page_id=259"},"modified":"2022-11-15T16:47:37","modified_gmt":"2022-11-15T14:47:37","slug":"animation-de-soirees","status":"publish","type":"page","link":"https:\/\/animalex.fr\/index.php\/animation-de-soirees\/","title":{"rendered":"Animation de soir\u00e9es"},"content":{"rendered":"\n<div style=\"height:30px\" aria-hidden=\"true\" class=\"wp-block-spacer\"><\/div>\n\n\n\n<figure class=\"wp-block-gallery has-nested-images columns-5 is-cropped wp-block-gallery-1 is-layout-flex wp-block-gallery-is-layout-flex\">\n<figure class=\"wp-block-image size-large\"><img loading=\"lazy\" decoding=\"async\" width=\"490\" height=\"490\" data-id=\"272\" src=\"https:\/\/animalex.fr\/wp-content\/uploads\/2022\/08\/soiree-dansante.jpg\" alt=\"\" class=\"wp-image-272\" srcset=\"https:\/\/animalex.fr\/wp-content\/uploads\/2022\/08\/soiree-dansante.jpg 490w, https:\/\/animalex.fr\/wp-content\/uploads\/2022\/08\/soiree-dansante-300x300.jpg 300w, https:\/\/animalex.fr\/wp-content\/uploads\/2022\/08\/soiree-dansante-150x150.jpg 150w\" sizes=\"(max-width: 490px) 100vw, 490px\" \/><\/figure>\n\n\n\n<figure class=\"wp-block-image size-large\"><img loading=\"lazy\" decoding=\"async\" width=\"150\" height=\"150\" data-id=\"267\" src=\"https:\/\/animalex.fr\/wp-content\/uploads\/2022\/08\/anniv.png\" alt=\"\" class=\"wp-image-267\"\/><\/figure>\n\n\n\n<figure class=\"wp-block-image size-large\"><img loading=\"lazy\" decoding=\"async\" width=\"400\" height=\"388\" data-id=\"269\" src=\"https:\/\/animalex.fr\/wp-content\/uploads\/2022\/08\/retraite-2.png\" alt=\"\" class=\"wp-image-269\" srcset=\"https:\/\/animalex.fr\/wp-content\/uploads\/2022\/08\/retraite-2.png 400w, https:\/\/animalex.fr\/wp-content\/uploads\/2022\/08\/retraite-2-300x291.png 300w\" sizes=\"(max-width: 400px) 100vw, 400px\" \/><\/figure>\n\n\n\n<figure class=\"wp-block-image size-large\"><img loading=\"lazy\" decoding=\"async\" width=\"498\" height=\"480\" data-id=\"270\" src=\"https:\/\/animalex.fr\/wp-content\/uploads\/2022\/08\/bapteme.jpg\" alt=\"\" class=\"wp-image-270\" srcset=\"https:\/\/animalex.fr\/wp-content\/uploads\/2022\/08\/bapteme.jpg 498w, https:\/\/animalex.fr\/wp-content\/uploads\/2022\/08\/bapteme-300x289.jpg 300w\" sizes=\"(max-width: 498px) 100vw, 498px\" \/><\/figure>\n\n\n\n<figure class=\"wp-block-image size-large\"><img loading=\"lazy\" decoding=\"async\" width=\"530\" height=\"537\" data-id=\"271\" src=\"https:\/\/animalex.fr\/wp-content\/uploads\/2022\/08\/fete.webp\" alt=\"\" class=\"wp-image-271\" srcset=\"https:\/\/animalex.fr\/wp-content\/uploads\/2022\/08\/fete.webp 530w, https:\/\/animalex.fr\/wp-content\/uploads\/2022\/08\/fete-296x300.webp 296w\" sizes=\"(max-width: 530px) 100vw, 530px\" \/><\/figure>\n<\/figure>\n\n\n\n<div style=\"height:35px\" aria-hidden=\"true\" class=\"wp-block-spacer\"><\/div>\n\n\n\n<p><\/p>\n\n\n\n<p class=\"has-medium-font-size\">Quelque soit le type de l\u2019\u00e9v\u00e8nement : Anniversaire, d\u00e9part en retraite, bapt\u00eame, communion, soir\u00e9e \u00e0 th\u00e8me&#8230;  Anim\u2019Alex est l\u00e0 pour enflammer votre soir\u00e9e !<\/p>\n\n\n\n<p class=\"has-medium-font-size\">Vous danserez devant les clips de vos artistes pr\u00e9f\u00e9r\u00e9s, amuserez vos amis avec une animation karaok\u00e9 ou des jeux, concours de danse, des d\u00e9guisements, gages et chor\u00e9graphies.<\/p>\n\n\n\n<p class=\"has-medium-font-size\">C\u2019est votre soir\u00e9e : vous donnez le tempo, Anim\u2019Alex arrange la partition avec du mat\u00e9riel professionnel, des jeux de lumi\u00e8res et machines \u00e0 effets diversifi\u00e9s.<\/p>\n\n\n\n<p><\/p>\n\n\n\n<div style=\"height:40px\" aria-hidden=\"true\" class=\"wp-block-spacer\"><\/div>\n\n\n\n<h5 class=\"has-text-align-center has-medium-font-size wp-block-heading\" style=\"text-transform:uppercase\">2 forfaits selon la dimension de la prestation<\/h5>\n\n\n\n<div style=\"height:20px\" aria-hidden=\"true\" class=\"wp-block-spacer\"><\/div>\n\n\n\n<p><\/p>\n\n\n\n<div class=\"wp-block-columns is-layout-flex wp-container-core-columns-is-layout-1 wp-block-columns-is-layout-flex\">\n<div class=\"wp-block-column is-layout-flow wp-block-column-is-layout-flow\">\n<figure class=\"wp-block-image size-large\"><a href=\"https:\/\/animalex.fr\/index.php\/animation-de-soirees\/forfait-animation-1-1\/\"><img loading=\"lazy\" decoding=\"async\" width=\"935\" height=\"1024\" src=\"https:\/\/animalex.fr\/wp-content\/uploads\/2022\/08\/Forfait-Animation-1-1-935x1024.jpg\" alt=\"\" class=\"wp-image-313\" srcset=\"https:\/\/animalex.fr\/wp-content\/uploads\/2022\/08\/Forfait-Animation-1-1-935x1024.jpg 935w, https:\/\/animalex.fr\/wp-content\/uploads\/2022\/08\/Forfait-Animation-1-1-274x300.jpg 274w, https:\/\/animalex.fr\/wp-content\/uploads\/2022\/08\/Forfait-Animation-1-1-768x841.jpg 768w, https:\/\/animalex.fr\/wp-content\/uploads\/2022\/08\/Forfait-Animation-1-1-1403x1536.jpg 1403w, https:\/\/animalex.fr\/wp-content\/uploads\/2022\/08\/Forfait-Animation-1-1-1871x2048.jpg 1871w, https:\/\/animalex.fr\/wp-content\/uploads\/2022\/08\/Forfait-Animation-1-1.jpg 1918w\" sizes=\"(max-width: 935px) 100vw, 935px\" \/><\/a><\/figure>\n<\/div>\n\n\n\n<div class=\"wp-block-column is-layout-flow wp-block-column-is-layout-flow\">\n<figure class=\"wp-block-image size-large\"><a href=\"https:\/\/animalex.fr\/index.php\/animation-de-soirees\/forfait-animation-2-1\/\"><img loading=\"lazy\" decoding=\"async\" width=\"928\" height=\"1024\" src=\"https:\/\/animalex.fr\/wp-content\/uploads\/2022\/08\/Forfait-animation-2-1-928x1024.jpg\" alt=\"\" class=\"wp-image-314\" srcset=\"https:\/\/animalex.fr\/wp-content\/uploads\/2022\/08\/Forfait-animation-2-1-928x1024.jpg 928w, https:\/\/animalex.fr\/wp-content\/uploads\/2022\/08\/Forfait-animation-2-1-272x300.jpg 272w, https:\/\/animalex.fr\/wp-content\/uploads\/2022\/08\/Forfait-animation-2-1-768x847.jpg 768w, https:\/\/animalex.fr\/wp-content\/uploads\/2022\/08\/Forfait-animation-2-1-1392x1536.jpg 1392w, https:\/\/animalex.fr\/wp-content\/uploads\/2022\/08\/Forfait-animation-2-1-1856x2048.jpg 1856w, https:\/\/animalex.fr\/wp-content\/uploads\/2022\/08\/Forfait-animation-2-1.jpg 1918w\" sizes=\"(max-width: 928px) 100vw, 928px\" \/><\/a><\/figure>\n<\/div>\n<\/div>\n","protected":false},"excerpt":{"rendered":"<p>Quelque soit le type de l\u2019\u00e9v\u00e8nement : Anniversaire, d\u00e9part en retraite, bapt\u00eame, communion, soir\u00e9e \u00e0 th\u00e8me&#8230; Anim\u2019Alex est l\u00e0 pour enflammer votre soir\u00e9e ! Vous danserez devant les clips de vos artistes pr\u00e9f\u00e9r\u00e9s, amuserez vos amis avec une animation karaok\u00e9 ou des jeux, concours de danse, des d\u00e9guisements, gages et chor\u00e9graphies. C\u2019est votre soir\u00e9e : [&hellip;]<\/p>\n","protected":false},"author":1,"featured_media":0,"parent":0,"menu_order":0,"comment_status":"closed","ping_status":"closed","template":"","meta":{"om_disable_all_campaigns":false,"_mi_skip_tracking":false,"site-sidebar-layout":"default","site-content-layout":"","ast-site-content-layout":"","site-content-style":"default","site-sidebar-style":"default","ast-global-header-display":"","ast-banner-title-visibility":"","ast-main-header-display":"","ast-hfb-above-header-display":"","ast-hfb-below-header-display":"","ast-hfb-mobile-header-display":"","site-post-title":"","ast-breadcrumbs-content":"","ast-featured-img":"","footer-sml-layout":"","theme-transparent-header-meta":"","adv-header-id-meta":"","stick-header-meta":"","header-above-stick-meta":"","header-main-stick-meta":"","header-below-stick-meta":"","astra-migrate-meta-layouts":"default","ast-page-background-enabled":"default","ast-page-background-meta":{"desktop":{"background-color":"var(--ast-global-color-4)","background-image":"","background-repeat":"repeat","background-position":"center center","background-size":"auto","background-attachment":"scroll","background-type":"","background-media":"","overlay-type":"","overlay-color":"","overlay-opacity":"","overlay-gradient":""},"tablet":{"background-color":"","background-image":"","background-repeat":"repeat","background-position":"center center","background-size":"auto","background-attachment":"scroll","background-type":"","background-media":"","overlay-type":"","overlay-color":"","overlay-opacity":"","overlay-gradient":""},"mobile":{"background-color":"","background-image":"","background-repeat":"repeat","background-position":"center center","background-size":"auto","background-attachment":"scroll","background-type":"","background-media":"","overlay-type":"","overlay-color":"","overlay-opacity":"","overlay-gradient":""}},"ast-content-background-meta":{"desktop":{"background-color":"var(--ast-global-color-5)","background-image":"","background-repeat":"repeat","background-position":"center center","background-size":"auto","background-attachment":"scroll","background-type":"","background-media":"","overlay-type":"","overlay-color":"","overlay-opacity":"","overlay-gradient":""},"tablet":{"background-color":"var(--ast-global-color-5)","background-image":"","background-repeat":"repeat","background-position":"center center","background-size":"auto","background-attachment":"scroll","background-type":"","background-media":"","overlay-type":"","overlay-color":"","overlay-opacity":"","overlay-gradient":""},"mobile":{"background-color":"var(--ast-global-color-5)","background-image":"","background-repeat":"repeat","background-position":"center center","background-size":"auto","background-attachment":"scroll","background-type":"","background-media":"","overlay-type":"","overlay-color":"","overlay-opacity":"","overlay-gradient":""}},"footnotes":""},"class_list":["post-259","page","type-page","status-publish","hentry"],"aioseo_notices":[],"_links":{"self":[{"href":"https:\/\/animalex.fr\/index.php\/wp-json\/wp\/v2\/pages\/259"}],"collection":[{"href":"https:\/\/animalex.fr\/index.php\/wp-json\/wp\/v2\/pages"}],"about":[{"href":"https:\/\/animalex.fr\/index.php\/wp-json\/wp\/v2\/types\/page"}],"author":[{"embeddable":true,"href":"https:\/\/animalex.fr\/index.php\/wp-json\/wp\/v2\/users\/1"}],"replies":[{"embeddable":true,"href":"https:\/\/animalex.fr\/index.php\/wp-json\/wp\/v2\/comments?post=259"}],"version-history":[{"count":11,"href":"https:\/\/animalex.fr\/index.php\/wp-json\/wp\/v2\/pages\/259\/revisions"}],"predecessor-version":[{"id":375,"href":"https:\/\/animalex.fr\/index.php\/wp-json\/wp\/v2\/pages\/259\/revisions\/375"}],"wp:attachment":[{"href":"https:\/\/animalex.fr\/index.php\/wp-json\/wp\/v2\/media?parent=259"}],"curies":[{"name":"wp","href":"https:\/\/api.w.org\/{rel}","templated":true}]}}